f be 7 - 5/((-35)/(-49)). Let b = 1 - 1. Suppose -5*i - 5*q + 230 = b, -62 = -f*i - i + 3*q. Calculate the remainder when i is divided by 13.
11
Suppose 109*d - 112 = 101*d. Suppose -24*c = -25*c + d. What is the remainder when 74 is divided by c?
4
Suppose -88*s - 108*s = 3969 - 13769. Calculate the remainder when 975 is divided by s.
25
Let s = 227 + -224. Suppose 146 = 5*j + 2*u, j - 10 = s*u + 9. Calculate the remainder when 82 is divided by j.
26
Suppose 4*g - 6 = 3*j, 2*g + 4*j + 25 = 17. Suppose g*x = -x + 136. Calculate the remainder when x is divided by 46.
44
Suppose 2*b + 55 - 96 - 93 = 0. What is the remainder when 3013 is divided by b?
65
Let c(h) = -h**2 - 22*h - 19. Suppose 6*q = -156 + 36. What is the remainder when c(q) is divided by 11?
10
Suppose -261*x + 84985 - 138759 = -664253. Calculate the remainder when x is divided by 10.
9
Suppose 0 = -145*f + 30204 + 32466 + 77545. Calculate the remainder when f is divided by 193.
2
Calculate the remainder when (-650)/(-3)*(330/(-60) - -7) is divided by 125.
75
Suppose 5*h + p - 14 = 0, -2*h + 17 = 4*p - 3. Suppose h*a = 5*u + 7*a, a - 3 = -2*u. Calculate the remainder when u is divided by (-16)/(-9) - (-2)/9.
1
Let s = 29376 + -20929. Calculate the remainder when s is divided by 33.
32
Suppose 0 = -423*g + 425*g + j - 16, -5*g + 37 = j. Calculate the remainder when g is divided by ((-4)/(-6))/((-1)/(-6)).
3
Let r = 30 - 32. Let i be 6/3*(-2)/r. Suppose -i*z + 2*g + 18 = -0*g, 0 = 3*z + 3*g - 57. What is the remainder when 25 is divided by z?
11
Calculate the remainder when -4*(-2)/(-32) + 3 + (-38645)/(-20) is divided by 17.
14
Let z be (-2)/(-6) + 88/24. Suppose -z*d = -615 - 229. Suppose -2*n + 102 + 4 = 0. Calculate the remainder when d is divided by n.
52
Calculate the remainder when -19 - (18 - (13 + 2924)) is divided by 17.
10
Let p be 12/(-6) - (-12 - 0/(-3)). Suppose -5*n + p = -7*n, -4*n - 79 = -l. Calculate the remainder when 169 is divided by l.
51
Calculate the remainder when (-1772)/10*5580/(-744) is divided by 165.
9
What is the remainder when (-448)/(-48)*((-84)/32)/(-1)*14 is divided by 213?
130
Let k(f) = -f**3 + 3*f + 2. Let o be k(-2). Suppose -c + 5*s = o - 179, s = -3*c + 589. Suppose 4*z + 43 = c. Calculate the remainder when z is divided by 21.
17
Let f = 1667 + -1644. Calculate the remainder when 455 is divided by f.
18
Let v = 36 + -2. What is the remainder when v is divided by 3*1/4*(-184)/(-6)*1?
11
Suppose 5 = 4*s + 1. Suppose -41*j + 86*j - 993 = 897. Calculate the remainder when j is divided by (17 - (1 - s)) + -2.
12
Let a be (-11)/(-4) + 8/32. Let v(x) = -x**3 + 5*x**2 - 8*x + 9. Let f be v(a). What is the remainder when 37 is divided by 1*16 + 4/(-2 + f)?
17
Suppose -3*d + 2*p = -96, 0*p + 80 = 2*d + 4*p. Let h(s) = s**2 - 38*s + 163. Let j(b) = -2*b - 5. Calculate the remainder when h(d) is divided by j(-5).
2
Let y(d) = -d**3 + 36*d**2 - 98*d - 29. Let x be y(33). Suppose -3*w - 4*b = -163, b = 5*w - x*b - 295. What is the remainder when 125 is divided by w?
11
Suppose -8 = 4*s - 8*s. Let b be 12/3 - (-4)/s. What is the remainder when 95 is divided by (2*(-3)/12)/(b/(-144))?
11
Suppose -195 = -b - 2*b. Suppose -20*v - 43 = -143. Suppose m + 1 = 5*c - v, -40 = -2*m - 3*c. Calculate the remainder when b is divided by m.
9
Suppose 25*k - 24*k = -100*k + 13433. What is the remainder when k is divided by 19?
0
Let u be ((-1760)/56)/(4/(-14)). Suppose -21*x - 26 = -u. Let r = 33 + -18. Calculate the remainder when r is divided by x.
3
Let h(u) = 137*u - 123. Let v be h(4). Suppose -20*n + v = 5*d - 15*n, 175 = 2*d + 3*n. What is the remainder when d is divided by 57?
23
Let i(r) = 2*r**2 + 1. Calculate the remainder when i(-10) is divided by ((-22)/(-5))/((-2)/(-30)) + 2.
65
Let a = -226 - -348. Let j = -1989 + 2020. What is the remainder when a is divided by j?
29
Suppose -36 = g - 111. Let u(c) = -c**3 + 4*c**2 + 5*c - 15. Let v be u(5). Calculate the remainder when g is divided by (2/(-1) - v)*2.
23
Suppose 2132*p + 860 = 2134*p. What is the remainder when p is divided by 14?
10
Let l(x) = -2*x**3 - 14*x**2 - 3*x - 18. Let w be l(-7). Suppose 269 = g + 3*j, 3*g - w*j - 1306 = -523. Calculate the remainder when g is divided by 22.
21
Suppose 9*l - 3*l = 0. Suppose 5*r + l = 5. What is the remainder when 1*(-2 - -3)*(5 + -4) is divided by r?
0
Suppose 608 = 27*y + 11*y. Calculate the remainder when 224/5 + (-4)/(-20) is divided by y.
13
Let w(d) = -37*d - 437. Calculate the remainder when w(-23) is divided by 13.
11
What is the remainder when (12/(-18))/((-54)/36855) is divided by 158?
139
Suppose 0 = -3*r + 16*r - 605 - 1540. Calculate the remainder when 423 is divided by r.
93
Suppose -3*l - 5*s = -14, 5*s + 8 = 5*l - 2. Suppose 0 = -6*g + l*g - n + 28, -5*g - n = -44. What is the remainder when 22 is divided by g?
6
Suppose 0 = -3*f - 9*m + 4*m + 34387, -4*f + 45796 = -4*m. What is the remainder when f is divided by 19?
16
Suppose 0*v - 240 = 3*v. Let a = v + 84. Suppose -2*y - 526 = -4*f, -2*f = -a*y - 219 - 59. What is the remainder when f is divided by 26?
25
Let q(a) = -6*a + 9. Let v be q(-4). Let k = v - 32. What is the remainder when ((-3)/k + 10)*15 is divided by 27?
24
Calculate the remainder when 248 is divided by ((-206)/(-8))/(305/(-244))*-5.
42
Let t(l) = 29*l - 143. What is the remainder when 532 is divided by t(8)?
87
Let j = 74 - -8. Let s = 5791 - 5763. Calculate the remainder when j is divided by s.
26
Suppose 8*t = 7*t + 112. Suppose -3*o + 5*w - 19 + 64 = 0, -4*w + t = 5*o. Calculate the remainder when 155 is divided by o.
15
Suppose 16*b = -12*b + 38*b - 7960. What is the remainder when b is divided by 20?
16
Let z = -316 + 311. Calculate the remainder when 1393 is divided by ((-9)/6)/((-153)/30 - z).
13
Let c(q) = -4*q**3 - 34*q**2 + 91*q + 938. What is the remainder when c(-11) is divided by 42?
13
Let r = 47 + -73. Let v(o) = -o**2 - 3*o + 50. Let c be v(8). Let y = r - c. What is the remainder when y is divided by 6?
0
Suppose 0*x + 3*x = 6. What is the remainder when ((-711)/(-36))/(x/8) is divided by (2 - 75/6)/(10/(-20))?
16
Let m(s) = -s**3 + 5*s**2 - 2*s - 5. Let l be m(4). Suppose -57 = -l*u + 54. What is the remainder when (348 - 284) + ((-4)/(-2) - -6) is divided by u?
35
Suppose -1473*r + 1856*r = 9958. Suppose -2*f + 376 = 4*d + d, -4*f = 3*d - 234. What is the remainder when d is divided by r?
22
Let n be (-156)/(-16) + 2/8. Let z = n + -6. Suppose -3*x - 2*x + 270 = 5*g, 2*g = -z*x + 102. Calculate the remainder when g is divided by 30.
27
Let c(l) = -2*l**3 + 30*l**2 + 34*l + 4. Let y be c(16). Let d = -20 + y. Calculate the remainder when (-2)/(-6) - (-1096)/24 is divided by d.
14
Suppose -10*b + 5*b + 25 = 0. Suppose -2*r + 5 = b*d + 3*r, -3 = 2*d + r. Calculate the remainder when -42*(d - (-40)/12) is divided by 17.
11
Let n(f) = -11*f + 68. Let u be n(6). What is the remainder when 10/u - (4 - 313) is divided by 21?
20
Suppose 18*v + 76*v = 13254. What is the remainder when v is divided by 6?
3
Let u(r) = -175*r + 5387. What is the remainder when 951 is divided by u(30)?
129
Suppose 0 = -18*t - 2*t + 7940. Let d = -359 + t. Calculate the remainder when 117 is divided by d.
3
Let l(u) = u**3 + 39*u**2 - 48*u + 29. Let b = 517 - 557. What is the remainder when l(b) is divided by 39?
37
Suppose 5*w - 60 = w. Suppose -2*o + 4*y + w = 3*y, 4*o + 3*y = 25. Calculate the remainder when ((-6)/9)/(4/(-198)) is divided by o.
5
Suppose 0 = -0*s + 6*s. Suppose 0*p + 2*p - 68 = s. Suppose f = 2*u + p, 4*u = 3*f - u - 97. What is the remainder when 69 is divided by f?
21
Let d(o) = 25*o**2 - 722*o - 27. What is the remainder when 1065 is divided by d(29)?
45
Suppose 42*v - 995 = 3*v + 1618. Calculate the remainder when v is divided by 41.
26
What is the remainder when 176 is divided by 7 + -1 + -8 - -27?
1
Suppose -3*m + 14*i = 12*i - 23, -i = -2*m + 17. What is the remainder when 707 is divided by m?
3
Let a(f) = f**3 + 12*f**2 + 8*f + 9. Let j be a(-14). What is the remainder when 37 is divided by (-6)/(-16) - j/24?
16
Let l be 1 - ((4/2)/2)/(-1). Suppose 5*p = 2*z - 7*z + 25, l*p - 22 = -4*z. Let r(g) = g**2 - g + 3. What is the remainder when r(z) is divided by 18?
15
Let q = -1009 - -1015. Calculate the remainde